it of 7811151?
7
What is the thousands digit of 4594500?
4
What is the ten thousands digit of 15005780?
0
What is the millions digit of 2682554?
2
What is the tens digit of 2166811?
1
What is the units digit of 6895199?
9
What is the hundreds digit of 501942?
9
What is the ten thousands digit of 102405?
0
What is the units digit of 5576361?
1
What is the tens digit of 152966?
6
What is the hundreds digit of 456650?
6
What is the thousands digit of 345209?
5
What is the millions digit of 1472981?
1
What is the units digit of 23921172?
2
What is the tens digit of 9287976?
7
What is the hundreds digit of 1127056?
0
What is the millions digit of 1455668?
1
What is the ten thousands digit of 3138703?
3
What is the tens digit of 17165754?
5
What is the thousands digit of 838179?
8
What is the thousands digit of 90819?
0
What is the tens digit of 10044818?
1
What is the hundreds digit of 25428273?
2
What is the thousands digit of 6218860?
8
What is the thousands digit of 1407427?
7
What is the hundreds digit of 196934?
9
What is the hundred thousands digit of 18522145?
5
What is the ten thousands digit of 19739551?
3
What is the units digit of 314787?
7
What is the hundreds digit of 7774359?
3
What is the hundreds digit of 3304738?
7
What is the thousands digit of 7521114?
1
What is the thousands digit of 972600?
2
What is the hundred thousands digit of 1453394?
4
What is the ten thousands digit of 130831?
3
What is the tens digit of 4042925?
2
What is the hundred thousands digit of 227051?
2
What is the ten thousands digit of 1592671?
9
What is the ten thousands digit of 95589?
9
What is the hundred thousands digit of 5802445?
8
What is the tens digit of 84287?
8
What is the tens digit of 981497?
9
What is the ten thousands digit of 356078?
5
What is the units digit of 121410?
0
What is the millions digit of 4946947?
4
What is the hundreds digit of 1036709?
7
What is the tens digit of 340476?
7
What is the tens digit of 4034646?
4
What is the units digit of 231796?
6
What is the ten thousands digit of 1500490?
0
What is the tens digit of 21161280?
8
What is the thousands digit of 277653?
7
What is the millions digit of 19017847?
9
What is the tens digit of 12414845?
4
What is the hundreds digit of 70557?
5
What is the units digit of 1845345?
5
What is the hundred thousands digit of 6175776?
1
What is the millions digit of 2932072?
2
What is the thousands digit of 448547?
8
What is the hundreds digit of 29468510?
5
What is the units digit of 217692?
2
What is the tens digit of 12457877?
7
What is the tens digit of 22080089?
8
What is the units digit of 481701?
1
What is the ten thousands digit of 21777981?
7
What is the units digit of 671088?
8
What is the millions digit of 5771608?
5
What is the millions digit of 1017389?
1
What is the ten thousands digit of 1272049?
7
What is the units digit of 1865873?
3
What is the ten thousands digit of 84928?
8
What is the thousands digit of 401136?
1
What is the hundred thousands digit of 200334?
2
What is the ten thousands digit of 265962?
6
What is the thousands digit of 905070?
5
What is the hundreds digit of 1234067?
0
What is the thousands digit of 55824?
5
What is the ten thousands digit of 544556?
4
What is the thousands digit of 15024869?
4
What is the hundreds digit of 4980413?
4
What is the ten thousands digit of 7047814?
4
What is the tens digit of 309591?
9
What is the hundred thousands digit of 7313595?
3
What is the thousands digit of 329149?
9
What is the thousands digit of 3803878?
3
What is the ten thousands digit of 1256065?
5
What is the ten millions digit of 12612188?
1
What is the hundreds digit of 59881?
8
What is the hundreds digit of 935518?
5
What is the hundreds digit of 3593034?
0
What is the units digit of 100882?
2
What is the hundreds digit of 912402?
4
What is the hundreds digit of 12407?
4
What is the hundreds digit of 290862?
8
What is the tens digit of 39060?
6
What is the units digit of 1743429?
9
What is the hundreds digit of 132060?
0
What is the millions digit of 1565348?
1
What is the tens digit of 196730?
3
What is the units digit of 1886244?
4
What is the units digit of 641879?
9
What is the hundreds digit of 16055143?
1
What is the ten thousands digit of 8580066?
8
What is the ten thousands digit of 4857009?
5
What is the hundred thousands digit of 1854888?
8
What is the thousands digit of 289892?
9
What is the ten thousands digit of 1572106?
7
What is the tens digit of 3531406?
0
What is the thousands digit of 830096?
0
What is the ten thousands digit of 264916?
6
What is the thousands digit of 11938842?
8
What is the ten thousands digit of 3377849?
7
What is the hundreds digit of 27156?
1
What is the hundred thousands digit of 268744?
2
What is the tens digit of 2667394?
9
What is the hundred thousands digit of 522597?
5
What is the tens digit of 3876454?
5
What is the thousands digit of 340520?
0
What is the thousands digit of 27453?
7
What is the ten thousands digit of 16757910?
5
What is the ten thousands digit of 131809?
3
What is the ten thousands digit of 5171034?
7
What is the millions digit of 5855383?
5
What is the ten thousands digit of 1247082?
4
What is the ten thousands digit of 3671502?
7
What is the hundred thousands digit of 230741?
2
What is the ten thousands digit of 753649?
5
What is the hundreds digit of 855522?
5
What is the thousands digit of 230259?
0
What is the units digit of 1995623?
3
What is the thousands digit of 312500?
2
What is the hundreds digit of 533605?
6
What is the units digit of 3407110?
0
What is the units digit of 3743271?
1
What is the tens digit of 6920575?
7
What is the ten thousands digit of 316868?
1
What is the thousands digit of 258678?
8
What is the ten thousands digit of 543735?
4
What is the hundreds digit of 2096660?
6
What is the ten thousands digit of 1599040?
9
What is the tens digit of 35468?
6
What is the hundreds digit of 10990?
9
What is the hundreds digit of 1473701?
7
What is the units digit of 229336?
6
What is the hundreds digit of 800394?
3
What is the hundreds digit of 182498?
4
What is the thousands digit of 24308?
4
What is the millions digit of 2676247?
2
What is the hundreds digit of 15162854?
8
What is the thousands digit of 4180068?
0
What is the thousands digit of 45478?
5
What is the thousands digit of 1062528?
2
What is the units digit of 15057710?
0
What is the units digit of 5077177?
7
What is the hundred thousands digit of 825505?
8
What is the thousands digit of 21860?
1
What is the thousands digit of 1182907?
2
What is the thousands digit of 418749?
8
What is the millions digit of 1163420?
1
What is the hundred thousands digit of 3332961?
3
What is the thousands digit of 3587278?
7
What is the thousands digit of 3904871?
4
What is the thousands digit of 1503659?
3
What is the ten thousands digit of 68351?
6
What is the thousands digit of 301597?
1
What is the units digit of 119333?
3
What is the hundred thousands digit of 1678077?
6
What is the hundred thousands digit of 1473493?
4
What is the units digit of 1347826?
6
What is the hundred thousands digit of 23561557?
5
What is the units digit of 12056643?
3
What is the hundreds digit of 109075?
0
What is the hundred thousands digit of 5526487?
5
What is the hundreds digit of 3205185?
1
What is the thousands digit of 103083?
3
What is the ten thousands digit of 244391?
4
What is the millions digit of 22654598?
2
What is the thousands digit of 561665?
1
What is the tens digit of 175129?
2
What is the thousands digit of 1055492?
5
What is the hundreds digit of 602458?
4
What is the tens digit of 2355311?
1
What is the millions digit of 22732347?
2
What is the units digit of 1289047?
7
What is the tens digit of 113038?
3
What is the ten thousands digit of 6131386?
3
What is the thousands digit of 199267?
9
What is the units digit of 4464248?
8
What is the hundreds digit of 1612648?
6
What is the hundreds digit of 790394?
3
What is the hundred thousands digit of 1011407?
0
What is the tens digit of 1016382?
8
What is the hundreds digit of 29932?
9
What is the hundreds digit of 93314?
3
What is the tens digit of 32718014?
1
What is the ten thousands digit of 118380?
1
What is the hundred thousands digit of 6806599?
8
What is the units digit